{"id":88,"date":"2022-02-24T17:13:32","date_gmt":"2022-02-24T16:13:32","guid":{"rendered":"http:\/\/se2u.polsinelli.me\/?page_id=88"},"modified":"2022-10-20T09:13:39","modified_gmt":"2022-10-20T07:13:39","slug":"devenir-technicien-en-station","status":"publish","type":"page","link":"https:\/\/se2u.polsinelli.me\/index.php\/devenir-technicien-en-station\/","title":{"rendered":"Devenir technicien en station"},"content":{"rendered":"\n<h3 class=\"has-text-align-left has-bright-blue-color has-text-color wp-block-heading\"><mark style=\"background-color:rgba(0, 0, 0, 0)\" class=\"has-inline-color has-bright-blue-color\">Salaire d\u00e9butant: <em>Entre 1800\u20ac et 2000\u20ac brut<\/em><\/mark> \/ mois<\/h3>\n\n\n\n<h3 class=\"wp-block-heading\">Apr\u00e8s le brevet  (en 3ans)<\/h3>\n\n\n\n<ul class=\"wp-block-list\"><li>Bac g\u00e9n\u00e9ral<\/li><li><a rel=\"noreferrer noopener\" href=\"https:\/\/www.onisep.fr\/Ressources\/Univers-Formation\/Formations\/Lycees\/bac-pro-procedes-de-la-chimie-de-l-eau-et-des-papiers-cartons\" data-type=\"URL\" data-id=\"https:\/\/www.onisep.fr\/Ressources\/Univers-Formation\/Formations\/Lycees\/bac-pro-procedes-de-la-chimie-de-l-eau-et-des-papiers-cartons\" target=\"_blank\">Bac pro PCEPC &#8211; Proc\u00e9d\u00e9s de la Chimie, de l&rsquo;Eau et du Papier \/ Carton<\/a><\/li><li><a href=\"https:\/\/www.onisep.fr\/Ressources\/Univers-Formation\/Formations\/Lycees\/bac-pro-gestion-des-milieux-naturels-et-de-la-faune\" data-type=\"URL\" data-id=\"https:\/\/www.onisep.fr\/Ressources\/Univers-Formation\/Formations\/Lycees\/bac-pro-gestion-des-milieux-naturels-et-de-la-faune\" target=\"_blank\" rel=\"noreferrer noopener\">Bac pro GMNF &#8211; Gestion des Milieux Naturels et de la Faune<\/a><\/li><li><a href=\"https:\/\/www.onisep.fr\/Ressources\/Univers-Formation\/Formations\/Lycees\/bac-techno-stav-sciences-et-technologies-de-l-agronomie-et-du-vivant\" data-type=\"URL\" data-id=\"https:\/\/www.onisep.fr\/Ressources\/Univers-Formation\/Formations\/Lycees\/bac-techno-stav-sciences-et-technologies-de-l-agronomie-et-du-vivant\" target=\"_blank\" rel=\"noreferrer noopener\">Bac STAV &#8211; Science et Technologie de l&rsquo;Agronomie et du Vivant<\/a><\/li><li><a href=\"https:\/\/www.onisep.fr\/Ressources\/Univers-Formation\/Formations\/Lycees\/classe-de-1re-sti2d-sciences-et-technologies-de-l-industrie-et-du-developpement-durable\" data-type=\"URL\" data-id=\"https:\/\/www.onisep.fr\/Ressources\/Univers-Formation\/Formations\/Lycees\/classe-de-1re-sti2d-sciences-et-technologies-de-l-industrie-et-du-developpement-durable\" target=\"_blank\" rel=\"noreferrer noopener\">Bac STI2D &#8211; Science et Technologie de  l&rsquo;Industrie et du D\u00e9veloppement Durable<\/a><\/li><li><a href=\"https:\/\/www.onisep.fr\/Ressources\/Univers-Formation\/Formations\/Lycees\/bac-pro-gestion-des-pollutions-et-protection-de-l-environnement\" data-type=\"URL\" data-id=\"https:\/\/www.onisep.fr\/Ressources\/Univers-Formation\/Formations\/Lycees\/bac-pro-gestion-des-pollutions-et-protection-de-l-environnement\" target=\"_blank\" rel=\"noreferrer noopener\">Bac pro gestion des pollutions et protection de l&rsquo;environnement<\/a><\/li><\/ul>\n\n\n\n<h3 class=\"wp-block-heading\">Apr\u00e8s le bac (en 2ans)<\/h3>\n\n\n\n<ul class=\"wp-block-list\"><li><a href=\"https:\/\/www.onisep.fr\/Ressources\/Univers-Formation\/Formations\/Post-bac\/bts-metiers-de-l-eau\" data-type=\"URL\" data-id=\"https:\/\/www.onisep.fr\/Ressources\/Univers-Formation\/Formations\/Post-bac\/bts-metiers-de-l-eau\" target=\"_blank\" rel=\"noreferrer noopener\">BTS m\u00e9tiers de l&rsquo;eau<\/a><\/li><li><a href=\"https:\/\/www.onisep.fr\/Ressources\/Univers-Formation\/Formations\/Post-bac\/btsa-gestion-et-maitrise-de-l-eau\" data-type=\"URL\" data-id=\"https:\/\/www.onisep.fr\/Ressources\/Univers-Formation\/Formations\/Post-bac\/btsa-gestion-et-maitrise-de-l-eau\" target=\"_blank\" rel=\"noreferrer noopener\">BTSA GMEAU &#8211; Gestion et Ma\u00eetrise de l&rsquo;EAU<\/a><\/li><li><a href=\"https:\/\/www.onisep.fr\/Ressources\/Univers-Formation\/Formations\/Post-bac\/deust-environnement-et-dechets\" data-type=\"URL\" data-id=\"https:\/\/www.onisep.fr\/Ressources\/Univers-Formation\/Formations\/Post-bac\/deust-environnement-et-dechets\">DEUST environnement et d\u00e9chets<\/a><\/li><\/ul>\n\n\n\n<h3 class=\"wp-block-heading\">Les parcours sup\u00e9rieurs (en 1an)<\/h3>\n\n\n\n<p class=\"has-black-color has-white-background-color has-text-color has-background has-medium-font-size\"><a href=\"https:\/\/www.onisep.fr\/Ressources\/Univers-Formation\/Formations\/Post-bac\/licence-pro-mention-metiers-de-la-protection-et-de-la-gestion-de-l-environnement\" data-type=\"URL\" data-id=\"https:\/\/www.onisep.fr\/Ressources\/Univers-Formation\/Formations\/Post-bac\/licence-pro-mention-metiers-de-la-protection-et-de-la-gestion-de-l-environnement\" target=\"_blank\" rel=\"noreferrer noopener\">Licence pro MPEG &#8211; M\u00e9tiers de la protection de la gestion de l&rsquo;environnement<\/a><\/p>\n\n\n\n<h4 class=\"wp-block-heading\"><em>Diff\u00e9rentes sp\u00e9cialit\u00e9s :<\/em><\/h4>\n\n\n\n<ul class=\"wp-block-list\"><li>RQE &#8211; Ressources et Qualit\u00e9s de l&rsquo;Eau<\/li><li>TAEDA &#8211; Traitement et Analyse de l&rsquo;Eau et des D\u00e9chets Aqueux<\/li><li>GOSTE &#8211; Gestion et Optimisation des Syst\u00e8mes de Traitement de l&rsquo;Eau<\/li><li>MAEP &#8211; Milieux Aquatiques et Eaux Pluviales<\/li><li>Licence pro GPE &#8211; G\u00e9nie des Proc\u00e9d\u00e9s pour l&rsquo;Environnement<\/li><li>Gestion et exploitation des eaux<\/li><li>Gestion des eaux, des boues et des d\u00e9chets<\/li><li>GASTE &#8211; G\u00e9nie de l&rsquo;Assainissement et les Syst\u00e8mes de Traitements des Eaux<\/li><\/ul>\n\n\n\n<h3 class=\"has-text-color wp-block-heading\" style=\"color:#ff0000\">Dipl\u00f4me final : Bac +3<\/h3>\n","protected":false},"excerpt":{"rendered":"<p>Salaire d\u00e9butant: Entre 1800\u20ac et 2000\u20ac brut \/ mois Apr\u00e8s le brevet (en 3ans) Bac g\u00e9n\u00e9ral Bac pro PCEPC &#8211; Proc\u00e9d\u00e9s de la Chimie, de l&rsquo;Eau et du Papier \/ Carton Bac pro GMNF &#8211; Gestion des Milieux Naturels et de la Faune Bac STAV &#8211; Science et Technologie de [&hellip;]<\/p>\n","protected":false},"author":1,"featured_media":0,"parent":0,"menu_order":0,"comment_status":"closed","ping_status":"closed","template":"","meta":{"qubely_global_settings":"","qubely_interactions":"","footnotes":""},"class_list":["post-88","page","type-page","status-publish","hentry"],"_links":{"self":[{"href":"https:\/\/se2u.polsinelli.me\/index.php\/wp-json\/wp\/v2\/pages\/88","targetHints":{"allow":["GET"]}}],"collection":[{"href":"https:\/\/se2u.polsinelli.me\/index.php\/wp-json\/wp\/v2\/pages"}],"about":[{"href":"https:\/\/se2u.polsinelli.me\/index.php\/wp-json\/wp\/v2\/types\/page"}],"author":[{"embeddable":true,"href":"https:\/\/se2u.polsinelli.me\/index.php\/wp-json\/wp\/v2\/users\/1"}],"replies":[{"embeddable":true,"href":"https:\/\/se2u.polsinelli.me\/index.php\/wp-json\/wp\/v2\/comments?post=88"}],"version-history":[{"count":8,"href":"https:\/\/se2u.polsinelli.me\/index.php\/wp-json\/wp\/v2\/pages\/88\/revisions"}],"predecessor-version":[{"id":491,"href":"https:\/\/se2u.polsinelli.me\/index.php\/wp-json\/wp\/v2\/pages\/88\/revisions\/491"}],"wp:attachment":[{"href":"https:\/\/se2u.polsinelli.me\/index.php\/wp-json\/wp\/v2\/media?parent=88"}],"curies":[{"name":"wp","href":"https:\/\/api.w.org\/{rel}","templated":true}]}}